Zvolte požadovaný rok nebo měsíc

2021 > Leden Únor Březen Duben Květen Červen Červenec Srpen Září Říjen Listopad Prosinec
2020 > Leden Únor Březen Duben Květen Červen Červenec Srpen Září Říjen Listopad Prosinec
2019 > Leden Únor Březen Duben Květen Červen Červenec Srpen Září Říjen Listopad Prosinec
2018 > Leden Únor Březen Duben Květen Červen Červenec Srpen Září Říjen Listopad Prosinec
2017 > Leden Únor Březen Duben Květen Červen Červenec Srpen Září Říjen Listopad Prosinec
2016 > Leden Únor Březen Duben Květen Červen Červenec Srpen Září Říjen Listopad Prosinec
2015 > Leden Únor Březen Duben Květen Červen Červenec Srpen Září Říjen Listopad Prosinec
2014 > Leden Únor Březen Duben Květen Červen Červenec Srpen Září Říjen Listopad Prosinec
2013 > Leden Únor Březen Duben Květen Červen Červenec Srpen Září Říjen Listopad Prosinec
2012 > Leden Únor Březen Duben Květen Červen Červenec Srpen Září Říjen Listopad Prosinec
2011 > Leden Únor Březen Duben Květen Červen Červenec Srpen Září Říjen Listopad Prosinec
2010 > Leden Únor Březen Duben Květen Červen Červenec Srpen Září Říjen Listopad Prosinec
2009 > Leden Únor Březen Duben Květen Červen Červenec Srpen Září Říjen Listopad Prosinec
2008 > Leden Únor Březen Duben Květen Červen Červenec Srpen Září Říjen Listopad Prosinec
2007 > Leden Únor Březen Duben Květen Červen Červenec Srpen Září Říjen Listopad Prosinec
2006 > Leden Únor Březen Duben Květen Červen Červenec Srpen Září Říjen Listopad Prosinec
2005 > Leden Únor Březen Duben Květen Červen Červenec Srpen Září Říjen Listopad Prosinec
2004 > Leden Únor Březen Duben Květen Červen Červenec Srpen Září Říjen Listopad Prosinec
2003 > Leden Únor Březen Duben Květen Červen Červenec Srpen Září Říjen Listopad Prosinec


Přehled za období 01 2011

                  MMNTHLY CLIMATOLOGICAL SUMMARY FOR SUDOMERICE 1/2011
                                                
     PRUM                                        VITR VITR        SMER PRUM  PRUM
DEN  TEPL   MAX     CAS    MIN     CAS    SRAZKY PRUM MAX   CAS   VITR TLAK  VLHKOST
---------------------------------------------------------------------------------------
1    -0,4   1,3    18:46  -3,8     0:00     0,00   5  21    10:18  SW1016,11   75
2    -0,7   2,1    13:29  -3,6     4:25     0,00   1  13    14:51 WSW1015,44   70
3    -1,8   1,4    13:01  -3,9     6:31     0,00   1  10    13:01  SW1019,71   72
4    -4,8  -0,9    13:18  -8,9     8:01     0,00   4  32    18:30 SSE1021,18   76
5    -4,1  -2,9    12:53  -4,8     8:39     0,00  12  39    11:49 SSE1020,21   64
6    -1,3   1,7    23:31  -4,1     4:05     0,00  13  40    17:08 SSE1014,33   64
7     3,7   6,6    13:59   1,2     5:34     0,00   7  37    21:16 SSE1015,01   71
8     4,5   6,1     4:25   1,6    23:52     5,00   4  29     0:42  SE1015,57   81
9     3,4   8,4    13:25   1,1     6:52     0,00   2  30    11:26   S1015,45   87
10    3,2   4,1    13:35   2,4    22:13     1,00   2  15    23:08 ENE1019,68   90
11    5,1   7,6    14:16   2,3     0:09     0,00   8  36    20:15 SSE1013,46   85
12    4,0   6,4    13:46   2,0    20:15     0,00   7  18     1:43  SW1015,90   80
13    5,8   7,6    23:59   3,5     0:00    10,00   7  26     1:50 SSW1011,80   87
14    8,7  11,0    17:48   7,5    23:59     4,00   8  18    19:59 SSW1013,28   88
15    7,0  10,0    12:50   2,6    23:58     0,00   7  35    13:14  NW1019,86   74
16    4,3  10,3    13:29   1,3    23:21     0,00   2  13    12:57  SW1027,39   77
17   -0,3   1,4     0:00  -2,0     8:07     0,00   2  12     6:46 ENE1026,35   89
18    1,0   3,0    14:52  -0,3     0:01     0,00   1  10     6:55   E1025,17   94
19    2,4   4,8    13:36   0,6     0:26     7,00   3  19    17:38 WSW1021,67   96
20    0,3   3,4    13:26  -2,3    22:28     0,00   5  25    13:39 NNE1022,30   82
21   -0,5   1,1    11:59  -2,8    22:38     0,00  11  27     9:08 NNE1027,61   66
22   -1,0   0,3    13:13  -2,0     0:00     0,00  16  40     9:50 NNE1027,43   56
23   -2,3   0,3    16:19  -6,4     5:58     0,00   4  18     0:38  NW1020,40   64
24   -3,9   1,4    14:01 -10,5     7:32     1,00   2  14    16:27   N1019,30   69
25   -2,1   0,5    23:05  -6,1     1:23     0,00   6  32    18:52   S1011,46   72
26    0,6   2,4    12:52  -0,5    23:33     0,00   7  28     1:38   S1006,38   82
27   -1,2   1,9    13:35  -3,8     3:39     2,00   3  18    21:19   E1016,32   80
28   -6,6  -1,8    14:20 -11,3    20:51     0,00   2  13     0:47 NNE1025,66   81
29   -9,2  -1,4    15:11 -13,8     6:21     0,00   0  10    23:41  NE1024,41   74
30   -7,9  -1,9    14:12 -13,4     3:25     0,00   3  14    12:38  NE1021,54   72
31   -6,7  -4,7    13:50  -8,3     5:20     0,00   0   9    17:22  NE1025,48   81
---------------------------------------------------------------------------------------
TOT  -0,2  11,0  14/1/11 -13,8  29/1/11  0 30,00   5  40   6/1/11 NNE1019,39   77