Zvolte požadovaný rok nebo měsíc

2021 > Leden Únor Březen Duben Květen Červen Červenec Srpen Září Říjen Listopad Prosinec
2020 > Leden Únor Březen Duben Květen Červen Červenec Srpen Září Říjen Listopad Prosinec
2019 > Leden Únor Březen Duben Květen Červen Červenec Srpen Září Říjen Listopad Prosinec
2018 > Leden Únor Březen Duben Květen Červen Červenec Srpen Září Říjen Listopad Prosinec
2017 > Leden Únor Březen Duben Květen Červen Červenec Srpen Září Říjen Listopad Prosinec
2016 > Leden Únor Březen Duben Květen Červen Červenec Srpen Září Říjen Listopad Prosinec
2015 > Leden Únor Březen Duben Květen Červen Červenec Srpen Září Říjen Listopad Prosinec
2014 > Leden Únor Březen Duben Květen Červen Červenec Srpen Září Říjen Listopad Prosinec
2013 > Leden Únor Březen Duben Květen Červen Červenec Srpen Září Říjen Listopad Prosinec
2012 > Leden Únor Březen Duben Květen Červen Červenec Srpen Září Říjen Listopad Prosinec
2011 > Leden Únor Březen Duben Květen Červen Červenec Srpen Září Říjen Listopad Prosinec
2010 > Leden Únor Březen Duben Květen Červen Červenec Srpen Září Říjen Listopad Prosinec
2009 > Leden Únor Březen Duben Květen Červen Červenec Srpen Září Říjen Listopad Prosinec
2008 > Leden Únor Březen Duben Květen Červen Červenec Srpen Září Říjen Listopad Prosinec
2007 > Leden Únor Březen Duben Květen Červen Červenec Srpen Září Říjen Listopad Prosinec
2006 > Leden Únor Březen Duben Květen Červen Červenec Srpen Září Říjen Listopad Prosinec
2005 > Leden Únor Březen Duben Květen Červen Červenec Srpen Září Říjen Listopad Prosinec
2004 > Leden Únor Březen Duben Květen Červen Červenec Srpen Září Říjen Listopad Prosinec
2003 > Leden Únor Březen Duben Květen Červen Červenec Srpen Září Říjen Listopad Prosinec


Přehled za období 12 2010

                  MMNTHLY CLIMATOLOGICAL SUMMARY FOR SUDOMERICE 12/2010
                                         HEAT  COOL        
     PRUM                                DEG   DEG      PRUM MAX           DOM MEAN  MEAN
DEN  TEPL   MAX     CAS    MIN     CAS   DAYS DAYS DEST VITR VITR   CAS    DIR BAROM HUM
---------------------------------------------------------------------------------------
1    -5,2  -3,5    11:40  -6,9     0:00   70    0  0,00   0   0     0:00   N1003,92   78
2    -2,2   2,9    13:21  -4,9     0:00   67    0  1,00   0  18    11:07 SSW1005,94   70
3    -3,8  -2,5    16:19  -5,3     3:31   69    0  0,00   3  21     8:05 ENE1008,02   79
4    -7,3  -4,1    12:17 -12,3    23:05   72    0  0,00   2  14    13:55   E1019,98   82
5    -7,3  -0,9    23:52 -12,3     8:53   72    0  0,00   6  38    20:48  SE1015,49   76
6     2,0   4,4    19:18  -0,9     0:00   63    0  3,00   9  29    11:49  SE1002,29   72
7     2,9   5,4    12:05   1,9    19:21   62    0  4,00   2  21    23:55 WSW1001,61   86
8     4,0   5,3    21:32   3,0     0:10   61    0  0,00   1  19     0:24 WSW1002,52   94
9     1,7   4,8     5:15   0,0    17:28   63    0  0,00  11  38     7:30 WNW1007,89   73
10   -1,9   0,1    12:23  -3,6     7:17   67    0  0,00   3  25     2:34  NW1019,38   58
11    0,4   4,0    18:30  -4,9     1:26   65    0  4,00   8  28    11:14   S1012,04   74
12    2,8   4,3    11:52   1,1    23:36   62    0  1,00  11  29    21:35 WNW1003,30   72
13   -2,0   1,1     0:00  -6,1    23:32   67    0  0,00   4  30     2:33  NW1011,67   55
14   -4,1  -2,2    23:37  -6,0     0:00   69    0  0,00   0   0     0:00   N1015,06   69
15   -4,3  -1,6    11:58  -9,7    22:00   69    0  0,00   0  11    17:42  SE1015,67   75
16   -8,5  -4,7    13:51 -13,6    22:35   73    0  0,00   0   9    17:17  SE1013,99   71
17   -8,0  -6,1    11:17 -14,3     1:47   72    0  0,00  10  43     9:28  SE999,43   63
18   -6,7  -3,7    12:34 -10,6    21:34   71    0  0,00   2  27     0:22  SE1001,35   67
19   -6,2  -1,8    13:21 -12,9     4:29   68    0  0,00   7  40    23:42  SE1004,46   64
20    1,5   5,4    14:01  -2,0     0:31   64    0  2,00  11  41    19:31  SE1003,05   58
21    0,6   4,9    13:35  -3,8     8:18   64    0  0,00   3  26    13:57  SE1008,92   74
22    3,5   8,2    13:14   0,0     1:10   62    0  0,00   4  26    23:56  SE1005,70   79
23    9,5  11,5    13:03   6,7     0:00   56    0  0,00  20  51    14:47  SE1000,00   70
24    9,6  12,3    12:39   3,6    23:42   55    0  1,00  18  51     5:37  SE994,17   71
25    0,6   3,6     0:00  -2,1    23:56   64    0  1,00   8  28    11:58 WNW1005,19   76
26   -4,8  -2,1     0:00  -7,7    23:20   70    0  0,00   3  20     9:19  NW1020,69   55
27   -5,6  -3,4    13:39  -7,5     0:00   71    0  0,00   0  13    11:57  NW1023,14   63
28   -5,1  -1,9    10:58  -8,6    23:22   54    0  0,00   5  24     9:01 SSW1021,51   72
29   -7,7  -6,0    13:13 -11,7     8:27   73    0  0,00   2  18     4:28 NNE1026,14   68
30   -9,0  -6,2    13:07 -14,4    22:44   74    0  0,00   0  12     4:10   E1025,83   68
31   -6,0  -3,8    23:40 -12,4     0:00   70    0  0,00   3  17     7:13   S1023,01   80
---------------------------------------------------------------------------------------
TOT  -2,1  12,3 24/12/10 -14,4 30/12/10 2058    0 17,00   5  51 24/12/10  SE1010,38   71

HEAT BASE: 65,0
COOL BASE: 65,0